 10) to base 4
0
5 (base 13) to base 6
5
What is -2343 (base 5) in base 14?
-1ac
1 (base 12) to base 15
1
What is -314 (base 8) in base 4?
-3030
What is -2 (base 13) in base 7?
-2
What is 45 (base 10) in base 16?
2d
What is 28 (base 12) in base 3?
1012
43 (base 14) to base 3
2012
What is -1 (base 6) in base 5?
-1
What is -21 (base 10) in base 5?
-41
What is 13 (base 4) in base 6?
11
What is -35 (base 14) in base 3?
-1202
Convert -2 (base 9) to base 4.
-2
-23 (base 5) to base 14
-d
10000 (base 2) to base 15
11
-27 (base 10) to base 7
-36
What is 200 (base 3) in base 13?
15
What is -1 (base 9) in base 11?
-1
54 (base 10) to base 9
60
What is 1201 (base 4) in base 3?
10121
What is -14 (base 6) in base 8?
-12
What is 2 (base 15) in base 7?
2
What is -530 (base 6) in base 13?
-123
-125 (base 9) to base 2
-1101000
Convert 0 (base 16) to base 7.
0
Convert 0 (base 8) to base 14.
0
-4 (base 8) to base 15
-4
Convert -d (base 16) to base 7.
-16
Convert -13 (base 4) to base 6.
-11
-3 (base 16) to base 4
-3
32 (base 5) to base 7
23
Convert 181 (base 11) to base 5.
1320
Convert 4 (base 10) to base 3.
11
111 (base 2) to base 4
13
-43 (base 16) to base 10
-67
Convert -435 (base 8) to base 13.
-18c
What is -11 (base 11) in base 16?
-c
What is 6c (base 15) in base 8?
146
Convert 3 (base 8) to base 14.
3
What is -16 (base 13) in base 4?
-103
-2114 (base 5) to base 14
-164
What is 1a (base 15) in base 4?
121
-38 (base 13) to base 7
-65
-7 (base 9) to base 11
-7
Convert -20 (base 5) to base 8.
-12
What is 9 (base 10) in base 8?
11
Convert 0 (base 12) to base 8.
0
Convert 3 (base 4) to base 6.
3
Convert 5 (base 7) to base 8.
5
Convert 27 (base 12) to base 2.
11111
Convert 8 (base 14) to base 3.
22
What is -1 (base 2) in base 13?
-1
Convert -208 (base 9) to base 15.
-b5
-105 (base 12) to base 9
-175
Convert 100 (base 3) to base 16.
9
What is -11 (base 5) in base 15?
-6
Convert 105 (base 12) to base 5.
1044
Convert -10 (base 5) to base 15.
-5
What is 3 (base 4) in base 8?
3
What is -2 (base 6) in base 12?
-2
What is -3 (base 16) in base 10?
-3
-130 (base 4) to base 8
-34
Convert -21 (base 4) to base 2.
-1001
Convert 31 (base 9) to base 10.
28
What is a (base 13) in base 7?
13
6 (base 15) to base 8
6
What is 11 (base 2) in base 4?
3
What is 6 (base 13) in base 15?
6
Convert 101111 (base 2) to base 3.
1202
Convert 0 (base 16) to base 12.
0
230 (base 5) to base 10
65
Convert -15 (base 13) to base 3.
-200
-8 (base 12) to base 5
-13
Convert 106 (base 7) to base 5.
210
Convert -40 (base 7) to base 6.
-44
-100101 (base 2) to base 13
-2b
Convert 0 (base 16) to base 3.
0
-99 (base 14) to base 15
-90
Convert -32 (base 12) to base 8.
-46
-a1 (base 12) to base 3
-11111
Convert 3 (base 9) to base 5.
3
-10010 (base 3) to base 2
-1010100
7a (base 14) to base 13
84
-4 (base 13) to base 9
-4
What is 116 (base 8) in base 13?
60
What is -3 (base 15) in base 7?
-3
What is 36 (base 8) in base 3?
1010
-5 (base 7) to base 9
-5
1030 (base 4) to base 12
64
Convert 2 (base 10) to base 16.
2
-2 (base 9) to base 4
-2
Convert 3 (base 10) to base 4.
3
What is 131 (base 6) in base 15?
3a
What is 20 (base 11) in base 4?
112
-4 (base 6) to base 13
-4
Convert -123 (base 5) to base 3.
-1102
What is 20 (base 5) in base 14?
a
Convert -5 (base 7) to base 6.
-5
What is b (base 15) in base 4?
23
What is -1 (base 15) in base 10?
-1
What is 6 (base 15) in base 10?
6
What is 2002 (base 5) in base 15?
11c
10 (base 4) to base 15
4
Convert -31 (base 10) to base 14.
-23
-312 (base 5) to base 7
-145
-61 (base 7) to base 6
-111
What is 5 (base 10) in base 8?
5
What is 101 (base 3) in base 7?
13
What is -1 (base 14) in base 10?
-1
Convert -26 (base 15) to base 9.
-40
What is 2 (base 9) in base 10?
2
What is -322 (base 4) in base 15?
-3d
Convert -111010 (base 2) to base 5.
-213
3 (base 8) to base 4
3
What is -11 (base 7) in base 2?
-1000
What is -100 (base 3) in base 15?
-9
3 (base 4) to base 9
3
-71 (base 9) to base 2
-1000000
1 (base 14) to base 15
1
0 (base 2) to base 12
0
Convert -2 (base 13) to base 14.
-2
Convert 1 (base 14) to base 12.
1
What is -2 (base 14) in base 11?
-2
-11 (base 2) to base 10
-3
What is -40 (base 9) in base 14?
-28
Convert -2 (base 14) to base 6.
-2
1 (base 6) to base 12
1
What is 62 (base 13) in base 5?
310
What is -1 (base 10) in base 3?
-1
52 (base 7) to base 11
34
Convert 105 (base 7) to base 13.
42
-8 (base 9) to base 14
-8
111 (base 2) to base 3
21
0 (base 3) to base 4
0
Convert -32 (base 13) to base 9.
-45
-8a (base 12) to base 16
-6a
Convert 86 (base 9) to base 10.
78
What is 1012 (base 3) in base 4?
200
What is 5 (base 14) in base 3?
12
-1 (base 7) to base 13
-1
Convert -10111 (base 2) to base 5.
-43
What is 202 (base 8) in base 14?
94
10 (base 5) to base 2
101
4 (base 11) to base 6
4
What is 2 (base 4) in base 14?
2
Convert -2 (base 14) to base 16.
-2
Convert -420 (base 9) to base 12.
-246
-311 (base 4) to base 7
-104
32 (base 16) to base 12
42
What is 1 (base 8) in base 5?
1
-1110 (base 2) to base 10
-14
111 (base 2) to base 5
12
What is 8 (base 11) in base 14?
8
What is -13 (base 7) in base 5?
-20
Convert -23 (base 4) to base 9.
-12
6 (base 9) to base 5
11
Convert 112 (base 6) to base 5.
134
What is 20 (base 9) in base 3?
200
10 (base 8) to base 16
8
-2 (base 4) to base 3
-2
What is -4a (base 12) in base 2?
-111010
-7 (base 10) to base 4
-13
-c3 (base 13) to base 2
-10011111
Convert -1300 (base 4) to base 3.
-11011
What is 10001 (base 2) in base 6?
25
Convert -3 (base 13) to base 14.
-3
8 (base 13) to base 9
8
What is 61 (base 13) in base 10?
79
What is 4 (base 14) in base 13?
4
What is -5 (base 9) in base 7?
-5
What is 3 (base 14) in base 2?
11
Convert -22 (base 3) to base 9.
-8
5 (base 10) to base 15
5
3c (base 15) to base 6
133
Convert 451 (base 6) to base 11.
14a
-b (base 15) to base 16
-b
-13 (base 6) to base 7
-12
What is -76 (base 8) in base 13?
-4a
88 (base 9) to base 7
143
What is -38 (base 10) in base 2?
-100110
What is -1 (base 14) in base 7?
-1
What is 3 (base 11) in base 16?
3
0 (base 7) to base 14
0
41 (base 10) to base 13
32
-23 (base 5) to base 6
-21
-2112 (base 3) to base 15
-48
Convert -6 (base 16) to base 6.
-10
Convert -aa (base 13) to base 10.
-140
What is 0 (base 16) in base 11?
0
19 (base 13) to base 2
10110
Convert -5 (base 12) to base 5.
-10
Convert -40 (base 15) to base 6.
-140
What is -101100001 (base 2) in base 4?
-11201
What is 10 (base 11) in base 13?
b
Convert -3 (base 9) to base 16.
-3
What is -10000000 (base 2) in base 15?
-88
What is 8 (base 15) in base 9?
8
Convert 23 (base 11) to base 7.
34
Convert -4 (base 12) to base 5.
-4
Convert 1011 (base 2) to base 13.
b
What is 3 (base 16) in base 7?
3
Convert -11 (base 9) to base 16.
-a
What is -101 (base 8) in base 4?
-1001
What is -31 (base 4) in base 3?
-111
What is 84 (base 9) in base 6?
204
Convert 5c (base 16) to base 12.
78
1 (base 4) to base 12
1
What is 5 (base 13) in base 2?
101
What is -12 (base 3) in base 8?
-5
165 (base 11) to base 14
da
Convert -4 (base 10) to base 3.
-11
Convert -27 (base 12) to base 15.
-21
-156 (base 11) to base 12
-132
-110 (base 3) to base 10
-12
What is -66 (base 14) in base 10?
-90
What is 111 (base 2) in base 6?
11
-2 (base 9) to base 15
-2
Convert -101 (base 2) to base 6.
-5
What is 333 (base 5) in base 6?
233
4 (base 11) to base 16
4
61 (base 8) to base 3
1211
-10101 (base 2) to base 13
-18
What is -132 (base 6) in base 13?
-44
What is 2002 (base 5) in base 13?
165
What is -2 (base 12) in base 3?
-2
-2210 (base 3) to base 5
-300
Convert 5 (base 9) to base 14.
5
1 (base 8) to base 2
1
What is -13 (base 4) in base 14?
-7
30 (base 5) to base 16
f
Convert 9b (base 12) to base 7.
230
What is -133 (base 8) in base 11?
-83
Convert -10 (base 4) to base 9.
-4
Convert 17 (base 15) to base 8.
26
What is 3 (base 14) in base 3?
10
Convert -22 (base 3) to base 9.
-8
Convert -100 (base 12) to base 9.
-170
Convert 2 (base 12) to base 5.
2
-b (base 13) to base 6
-15
What is 0 (base 14) in base 15?
0
What is 3 (base 12) in base 14?
3
2 (base 15) to base 16
2
-10 (base 2) to base 16
-2
What is -4 (base 14) in base 11?
-4
Convert -26 (base 11) to base 6.
-44
-24 (base 8) to base 12
-18
Convert -31 (base 4) to base 5.
-23
Convert 0 (base 6) to base 16.
0
What is -6 (base 11) i